f q**3/6 + 5*q**2 + 17*q + 68. Let w(a) be the first derivative of g(a). Give w(-8).
2
Let q(c) = -6*c**2 - c - 4*c - 7 + 9*c - 8*c - 2*c. What is q(-2)?
-19
Let o(f) be the third derivative of -f**5/60 - 5*f**4/24 + f**3/2 - 2815*f**2. What is o(-3)?
9
Let x(z) = 205*z + 2 - 107*z - 99*z. Suppose 2 = 7*a - 5. Let h be a/3 - (-126)/27. What is x(h)?
-3
Suppose -28 = 6*o - 2*o. Let u(m) be the second derivative of -5/2*m**2 + 0 - 12*m - 1/6*m**3. What is u(o)?
2
Let q(c) = 4*c**2 + 19*c + 12. Let r = -2546 - -2541. Give q(r).
17
Let x(t) = t**3 + 7*t**2 + 7*t + 5. Let g = -21 + 20. Let n be 3 + 11 - (0 + 1)*g. Suppose -3*u - n = -4*o + 15, 2*o = 4*u + 30. Determine x(u).
-1
Let y(j) = -j**2 - 11*j - 4. Let s(x) = -8*x - 124. Let i = 353 + -367. Let n be s(i). What is y(n)?
-16
Let k(r) be the second derivative of -r**5/60 - r**4/24 - 17*r**3/6 - 22*r**2 - 40*r. Let a(w) be the first derivative of k(w). Suppose 0 = 2*z + z. Give a(z).
-17
Suppose 33*y = 313 - 49. Let n(i) = 6*i**2 - 2*i**2 + 2*i**2 - 7*i**2 - y - 10*i. Calculate n(-9).
1
Let f(x) = 121*x - x**2 - 6 - 23 - 228*x + 112*x. What is f(4)?
-25
Suppose 83*x + 9 - 21 = 71. Let s(p) = -45*p**2 + 2*p - 3. What is s(x)?
-46
Let k(q) = -2*q + 3. Suppose -4*y = -x - 15, 3*x + 9 = -5*y + 32. Suppose 2*v = 2*j - y, 8 = j + j. Suppose -v*l = -3 - 5. Calculate k(l).
-5
Let t(l) = -l**2 + 9*l + 2. Let a be t(0). Let z(w) = -3*w. Let d(n) = 7*n - 3. Let x(p) = a*z(p) + d(p). What is x(10)?
7
Let o(j) = -j**2 - 8*j - 9. Suppose -17 = -6*c + 13. Suppose -2*d + t + 14 = 0, 2*d + 4*t = c*d - 21. Suppose 22 = -d*v - 20. What is o(v)?
3
Let v(x) = -x**3 - x**2. Let i(w) = -w**3 - 7 + 19 + 175*w - 10 - 18*w**2. Let b be i(-25). Calculate v(b).
-12
Let b(k) = 4*k + 68. Let t(g) = 5*g - 55. Let j be t(9). Let c be b(j). Let y(n) = 19 + c - 44 - n. Determine y(7).
-4
Let g(t) = -2*t**2 + 15*t - 14. Let v(y) = -3*y**2 + 13*y + 2. Let k be v(4). Let j be g(k). Let c(s) = -4 + 0*s - s**2 + j*s + 4*s. What is c(5)?
11
Let n(r) = -r + 26. Let b(a) = a - 15. Let g(l) = 11*b(l) + 6*n(l). Let m(h) = 4*h - 6. Let q(k) = -3*g(k) + 4*m(k). Give q(0).
3
Let y = 13 + -5. Suppose -5 = -2*h - 2*j + 9, 20 = 5*h + 2*j. Let f(o) = -205*o + 0*o**3 + o**3 - 8*o**h + 206*o. Calculate f(y).
8
Let p(t) = 47*t + 135. Let s(v) = 11*v + 32. Let b(c) = -4*p(c) + 17*s(c). Suppose 4*q - f = 16, 0*f - 22 = -2*q + 4*f. Calculate b(q).
1
Let g(a) = -a - 10. Suppose 32*q = -104 - 121 + 65. Determine g(q).
-5
Let z(u) = -5*u + 2*u**2 + 2*u**2 + 6 - 2*u**2 - u**2. Let y = 1178 + -1173. Calculate z(y).
6
Suppose 3*f = -x + 8, 0 = -5*x + 5*f + 6 + 74. Suppose 0 = -4*p + x - 34. Let m(n) = -4*n + 1. Calculate m(p).
21
Let n(z) = z**3 + 7*z**2 - 12*z - 3. Let q = -169 - -170. Let b be -6 - (3 - q)/1. Calculate n(b).
29
Let h(k) = k**3 - 10*k**2 - 2*k - 12. Let q be h(10). Let y = 36 + q. Let l(d) = 2 - 2*d + y*d + 3 - 3*d. Calculate l(-5).
10
Let q(v) = v**2 + 9*v - 11. Let b(j) = -135*j + 262. Let h be b(2). Determine q(h).
-19
Let t be 5 - 1/(-3)*0. Let h(w) be the second derivative of -112*w + 0 + w**2 - w**3 + 1/12*w**4. Calculate h(t).
-3
Suppose 49 = -5*j - 2*d + 68, 2*d = 4. Let n(f) = f**3 - 4*f**2 - 4*f + 20. Calculate n(j).
-1
Let n = -30 - -30. Let v(k) = n*k - 9*k - 12 - 11 + 24. Calculate v(-1).
10
Let t be (-13 - 615/30) + 1/(0 - 2). Let i(n) = n**2 + 43*n + 304. What is i(t)?
-2
Let z(d) = -38*d**2 + 28*d + 26. Let c(a) = -18*a**2 + 12*a + 13. Let p(s) = -13*c(s) + 6*z(s). Determine p(1).
5
Let z(a) = -35*a + 3. Let o(j) = -12*j + 1. Let r(w) = -17*o(w) + 6*z(w). Suppose -196*i = -195*i + 2. Give r(i).
13
Suppose -46 - 9 = 5*s + 3*r, 2*s - 4*r + 48 = 0. Let q(x) = x + 20. Give q(s).
6
Let u(m) be the first derivative of -1/6*m**3 + 8*m**2 - 34*m - 51. Let c(s) be the first derivative of u(s). Calculate c(7).
9
Let g(j) = 23*j + 143. Let p = -797 + 791. Let n be g(p). Let t(m) = -2*m**2 + 6*m - 6. Calculate t(n).
-26
Let f(t) be the first derivative of -4*t**2 - 125*t + 1868. What is f(-15)?
-5
Let q be 350/11 + 1 + 18/(-22). Suppose -q*t = -27*t + 170. Let f be (-187)/t*-1*2. Let g(j) = -j**2 - 10*j + 4. Give g(f).
-7
Let p(o) = 3*o**2 - 20*o - 141. Let w(f) = 2*f**2 + 4*f - 2. Let z(t) = p(t) - 2*w(t). What is z(-21)?
10
Let y(h) = h + 12 - 2*h - 12. Let l(q) = -2. Let z(i) = l(i) + 4*y(i). Suppose o + 2*n = -12, -5*o + 11*n = 9*n. Determine z(o).
6
Let w(y) = 7*y + 16 + 12 - y**2 - 45 + 15. Suppose -3*a = -h - 5*a + 13, 4*h - a = 16. What is w(h)?
8
Let n(m) = 10*m + 269. Let h(b) = 5*b + 182. Let p(l) = 7*h(l) - 5*n(l). Give p(-4).
-11
Let b(u) = u**3 + 3*u**2 + 2*u + 1. Let a(v) = v**3 - 6*v**2 - 4*v. Let q be a(5). Let z be (-4)/18*q/5 - 4. Determine b(z).
1
Let r(m) be the second derivative of 1/2*m**2 + 1/6*m**4 + 0 - 9*m - 1/3*m**3. Let v(d) = d**3 - 15*d**2 + 3*d - 42. Let f be v(15). What is r(f)?
13
Let r(h) = -2*h + 286. Let o(j) = j - 61. Let b(l) = -9*o(l) - 2*r(l). Determine b(-4).
-3
Let f(o) be the third derivative of o**6/120 - o**5/60 - o**4/12 - 28*o**2. Suppose 83*n = 81*n - 8, -12 = z + 3*n. Determine f(z).
0
Let n(z) = 1 + 34047*z**3 - 9 - z - 34046*z**3 + 1 - 5*z**2. Suppose -5*g + 10 + 20 = 0. Calculate n(g).
23
Let p(g) be the third derivative of -13/24*g**4 - 2*g**2 + 1/60*g**5 + g**3 - 5*g + 0. Determine p(13).
6
Let p(g) = -g**2 + 7*g + 59. Suppose -4*d - 408 = 2*t - 398, 0 = 2*t + 2*d + 10. Give p(t).
-1
Let i(b) = 19*b + 63. Let g(d) = 19*d + 78. Let w(z) = 5*g(z) - 6*i(z). What is w(3)?
-45
Suppose 2 = v + 4*l, 4*v + 10 = 9*v - 4*l. Let b(c) = -4*c**v + c**3 + 1 + 2 - 1 + 3. Determine b(4).
5
Let x(r) = r**3 - 13*r**2 + 3. Let a be x(13). Let d(n) = 15*n - a*n + 4319 - 4327 - n**2. Give d(10).
12
Let j(a) = -a**2 + 7. Suppose 3*c = 5*h - 31, -c - 107 = 4*h - 125. Calculate j(c).
3
Let l(z) = 22*z**2 - 2*z - 13. Let f be l(-3). Suppose -q - 2 = -5*v - 54, 4*q = 3*v + f. Suppose -q*s + 16 = -51*s. Let b(o) = o**2 + 6*o + 3. What is b(s)?
-5
Let y(u) = -68 + 51 + 15 + u. Suppose -2*q - 3*q = -45. Let j be (6/q)/((-2)/18). Give y(j).
-8
Let g(q) be the second derivative of q**5/20 + q**4/6 - 2*q**3/3 + 683*q. Give g(-5).
-55
Let o(b) = -b**3 - 3*b**2 + 9*b + 4. Let u be o(-5). Let d = 13 - u. Let m(g) = 4*g - 3. Determine m(d).
13
Let n = 890 - 1171. Let k = 274 + n. Let i(c) = c**3 + 7*c**2 + 2*c + 16. Calculate i(k).
2
Let f(c) = c**3 - 21*c**2 - 3*c + 68. Let i be f(21). Suppose -3*s - 3*d - 32 = -11, -s - 19 = i*d. Let n(v) = v**2 + 2*v - 7. Calculate n(s).
1
Let c(q) be the first derivative of -q**4/4 - 7*q**3/3 + 7*q**2/2 + 14*q - 1275. Calculate c(-9).
113
Let t(v) = -v**3 - 18*v**2 + 18*v + 17. Suppose -3*p + 51*i - 48*i - 57 = 0, p - 4*i = -19. Calculate t(p).
36
Let r(g) be the first derivative of g**4/4 + 7*g**3/3 + g**2/2 - 2*g + 1045. Let b(p) = -p**2 - 5*p - 11. Let o be b(-4). Determine r(o).
-9
Suppose -1730*x - 593 + 1537 = -1612*x. Let s(g) = g**3 + 7*g**2 + 6*g + 8. Let p(a) = -2*a**3 - 7*a**2 - 5*a - 7. Let d(f) = 2*p(f) + 3*s(f). Calculate d(x).
10
Let o(s) be the second derivative of s**3 + s**2 + 5*s. Let i(c) = c**2 - 3*c - 16. Let d be i(-4). Let y(h) = h - 9. Let q be y(d). Give o(q).
20
Suppose 9 = 5*t + 29. Let u be 5 - (0 + -3 - t). Let v(n) be the third derivative of -n**4/24 - n**3/3 - 16*n**2 + 4*n. Determine v(u).
-6
Let x(q) = -7*q + 82. Let l be x(11). Let w(a) = -l*a + 10*a + 7 - 6. What is w(9)?
46
Let o(u) be the second derivative of 1/6*u**4 + 0 - 2*u**2 - 4/3*u**3 - 15*u. Let c(m) = 8*m + 86. Let i be c(-10). What is o(i)?
20
Let g(p) = 8*p**3 - 14*p**2 + 9*p + 8. Let n(v) = 6*v**3 - 12*v**2 + 8*v + 6. Let f(j) = 2*g(j) - 3*n(j). What is f(5)?
-82
Suppose 1824*a = 5973 - 27884 + 23. Let n(y) be the second derivative of y**5/20 + 11*y**4/12 - 2*y**3 - 7*y**2/2 + 2*y. Calculate n(a).
-7
Let h(c) = c**2 + 33*c - 48. Suppose -33*y = 20*y + 1762 + 93. What is h(y)?
22
Let h(a) be the second derivative of -a**3/6 + 15*a**2/2 - 2*a - 96. Let p(t) = 1 - 3 - 5. Let u(k) = 2*h(k) + 5*p(k). What is u(-4)?
3
Let p(g) = -3*g**2 + g - 12. Let z(o) = o**2 + 1. Let d be (-1547)/(-85) + (-1)/5. Let b = 20 - d. Let y(n) = b*z(n) + p(n). Give y(0).
-10
Let x(h) = h**2 - 8*h - 14. Let l be (2/(-4))/(-7*14/1568). Calculate x(l).
-14
Suppose -3202 = -8*w - 1202. Suppose -11*x = -6